{"id":634,"date":"2022-03-21T07:42:33","date_gmt":"2022-03-21T07:42:33","guid":{"rendered":"https:\/\/site.uhabpeninsuladeyucatan.org\/index.php\/services\/"},"modified":"2025-04-07T17:46:56","modified_gmt":"2025-04-07T23:46:56","slug":"academic-offer","status":"publish","type":"page","link":"https:\/\/universidad-cice.org\/index.php\/academic-offer\/","title":{"rendered":"Oferta Educativa"},"content":{"rendered":"\n\n\t<p>Nosotros, en la Universidad Hispano Americana del Baj\u00edo, Campus Pen\u00ednsula de Yucat\u00e1n, tenemos una nueva oferta de licenciaturas y posgrados especializados, 100% en l\u00ednea, con RVOE oficial de la SEP, que te permitir\u00e1n convertirte en un referente profesional.<\/p>\n<p>Nuestro exclusivo Modelo Basado en Aprendizaje (ABD), te permite aprender a tu ritmo de manera eficiente y eficaz y adem\u00e1s tienes:<\/p>\n<p> <strong> Titulaci\u00f3n directa por promedio<\/strong><\/p>\n<p> <strong> Nivelaciones Profesionales (1 a\u00f1o) para licenciaturas<\/strong><\/p>\n<p><strong> Maestr\u00edas Intensivas (13 meses)<\/strong><\/p>\n<p><strong> Doctorados Intensivos (12 meses)<\/strong><\/p>\n<p><strong> Clases en l\u00ednea especialmente dise\u00f1adas para que aprendas<\/strong><\/p>\n<p><strong> Clases en l\u00ednea en vivo que te permiten cercan\u00eda e interacci\u00f3n con nuestros expertos internacionales.<\/strong><\/p>\n<p><strong> Acompa\u00f1amiento de tutores expertos.<\/strong><\/p>\n<p><strong> Seguimiento y asesor\u00eda de nuestro departamento especializado conformados por profesionales de la salud mental y emocional.<\/strong><\/p>\n<p><strong> Programas 60% pr\u00e1cticos y adaptados a tu contexto<\/strong><\/p>\n<p><strong> Facilidades de pago y becas de excelencia.<\/strong><\/p>\n<p><strong> Diplomados y seminarios de especializaci\u00f3n en tu \u00e1rea.<\/strong><\/p>\n<h2>\n\t\tLICENCIATURAS Y POSGRADOS\n\t<\/h2>\n\t\t\t\t\t\t\t<style>\r\n\t\t\t\t<style>\r\n#wpsm_accordion_25125 .wpsm_panel-heading{\r\n\tpadding:0px !important;\r\n}\r\n#wpsm_accordion_25125 .wpsm_panel-title {\r\n\tmargin:0px !important; \r\n\ttext-transform:none !important;\r\n\tline-height: 1 !important;\r\n}\r\n#wpsm_accordion_25125 .wpsm_panel-title a{\r\n\ttext-decoration:none;\r\n\toverflow:hidden;\r\n\tdisplay:block;\r\n\tpadding:0px;\r\n\tfont-size: 18px !important;\r\n\tfont-family: Open Sans !important;\r\n\tcolor:#000000 !important;\r\n\tborder-bottom:0px !important;\r\n}\r\n\r\n#wpsm_accordion_25125 .wpsm_panel-title a:focus {\r\noutline: 0px !important;\r\n}\r\n\r\n#wpsm_accordion_25125 .wpsm_panel-title a:hover, #wpsm_accordion_25125 .wpsm_panel-title a:focus {\r\n\tcolor:#000000 !important;\r\n}\r\n#wpsm_accordion_25125 .acc-a{\r\n\tcolor: #000000 !important;\r\n\tbackground-color:#e8e8e8 !important;\r\n\tborder-color: #ddd;\r\n}\r\n#wpsm_accordion_25125 .wpsm_panel-default > .wpsm_panel-heading{\r\n\tcolor: #000000 !important;\r\n\tbackground-color: #e8e8e8 !important;\r\n\tborder-color: #e8e8e8 !important;\r\n\tborder-top-left-radius: 0px;\r\n\tborder-top-right-radius: 0px;\r\n}\r\n#wpsm_accordion_25125 .wpsm_panel-default {\r\n\t\tborder:1px solid transparent !important;\r\n\t}\r\n#wpsm_accordion_25125 {\r\n\tmargin-bottom: 20px;\r\n\toverflow: hidden;\r\n\tfloat: none;\r\n\twidth: 100%;\r\n\tdisplay: block;\r\n}\r\n#wpsm_accordion_25125 .ac_title_class{\r\n\tdisplay: block;\r\n\tpadding-top: 12px;\r\n\tpadding-bottom: 12px;\r\n\tpadding-left: 15px;\r\n\tpadding-right: 15px;\r\n}\r\n#wpsm_accordion_25125  .wpsm_panel {\r\n\toverflow:hidden;\r\n\t-webkit-box-shadow: 0 0px 0px rgba(0, 0, 0, .05);\r\n\tbox-shadow: 0 0px 0px rgba(0, 0, 0, .05);\r\n\t\tborder-radius: 4px;\r\n\t}\r\n#wpsm_accordion_25125  .wpsm_panel + .wpsm_panel {\r\n\t\tmargin-top: 5px;\r\n\t}\r\n#wpsm_accordion_25125  .wpsm_panel-body{\r\n\tbackground-color:#ffffff !important;\r\n\tcolor:#000000 !important;\r\n\tborder-top-color: #e8e8e8 !important;\r\n\tfont-size:16px !important;\r\n\tfont-family: Open Sans !important;\r\n\toverflow: hidden;\r\n\t\tborder: 2px solid #e8e8e8 !important;\r\n\t}\r\n\r\n#wpsm_accordion_25125 .ac_open_cl_icon{\r\n\tbackground-color:#e8e8e8 !important;\r\n\tcolor: #000000 !important;\r\n\tfloat:right !important;\r\n\tpadding-top: 12px !important;\r\n\tpadding-bottom: 12px !important;\r\n\tline-height: 1.0 !important;\r\n\tpadding-left: 15px !important;\r\n\tpadding-right: 15px !important;\r\n\tdisplay: inline-block !important;\r\n}\r\n\r\n\t\t\t\r\n\t\t\t.ac_title_class{\r\n  color:#0b3146;\r\n  font-family: Montserrat, Open Sans;\r\n  font-size: 24px !important;\r\n}\r\n\r\n#wpsm_accordion_25125 .wpsm_panel-body{\r\n  color:#0b3146 !important;\r\n  font-family: Montserrat, Open Sans !important;\r\n  font-size: 20px !important;\r\n}<\/style>\t\r\n\t\t\t<\/style>\r\n\t\t\t<div class=\"wpsm_panel-group\" id=\"wpsm_accordion_25125\" >\r\n\t\t\t\t\t\t\t\t\r\n\t\t\t\t\t<!-- Inner panel Start -->\r\n\t\t\t\t\t<div class=\"wpsm_panel wpsm_panel-default\">\r\n\t\t\t\t\t\t<div class=\"wpsm_panel-heading\" role=\"tab\" >\r\n\t\t\t\t\t\t  <h4 class=\"wpsm_panel-title\">\r\n\t\t\t\t\t\t\t<a  class=\"\"  data-toggle=\"collapse\" data-parent=\"#wpsm_accordion_25125 \" href=\"javascript:void(0)\" data-target=\"#ac_25125_collapse1\" onclick=\"do_resize()\">\r\n\t\t\t\t\t\t\t\t\t\t\t\t\t\t\t\t\t<span class=\"ac_open_cl_icon fa fa-minus\"><\/span>\r\n\t\t\t\t\t\t\t\t\t\r\n\t\t\t\t\t\t\t\t \r\n\t\t\t\t\t\t\t\t<span class=\"ac_title_class\">\r\n\t\t\t\t\t\t\t\t\t\t\t\t\t\t\t\t\t\t\t\t<span style=\"margin-right:6px;\" class=\"fa fa-book\"><\/span>\r\n\t\t\t\t\t\t\t\t\tEDUCACI\u00d3N\t\t\t\t\t\t\t\t<\/span>\r\n\t\t\t\t\t\t\t<\/a>\r\n\t\t\t\t\t\t  <\/h4>\r\n\t\t\t\t\t\t<\/div>\r\n\t\t\t\t\t\t<div id=\"ac_25125_collapse1\" class=\"wpsm_panel-collapse collapse in\"  >\r\n\t\t\t\t\t\t  <div class=\"wpsm_panel-body\">\r\n\t\t\t\t\t\t\t<i class=\"fa-solid fa-circle-check\"><\/i> <strong>Licenciatura en Pedagog\u00eda<\/strong><br>\r\n<i class=\"fa-solid fa-circle-check\"><\/i> <strong>Licenciatura en Ciencias de la Educaci\u00f3n<\/strong><br>\r\n<i class=\"fa-solid fa-circle-check\"><\/i> <strong>Licenciatura en Ense\u00f1anza del Idioma Ingl\u00e9s<\/strong><br>\r\n<i class=\"fa-solid fa-circle-check\"><\/i> <strong>Maestr\u00eda en Educaci\u00f3n<\/strong><br>\r\n<i class=\"fa-solid fa-circle-check\"><\/i> <strong>Doctorado en Educaci\u00f3n<\/strong><br>\t\t\t\t\t\t  <\/div>\r\n\t\t\t\t\t\t<\/div>\r\n\t\t\t\t\t<\/div>\r\n\t\t\t\t\t<!-- Inner panel End -->\r\n\t\t\t\t\t\r\n\t\t\t\t\t\t\t\t\r\n\t\t\t\t\t<!-- Inner panel Start -->\r\n\t\t\t\t\t<div class=\"wpsm_panel wpsm_panel-default\">\r\n\t\t\t\t\t\t<div class=\"wpsm_panel-heading\" role=\"tab\" >\r\n\t\t\t\t\t\t  <h4 class=\"wpsm_panel-title\">\r\n\t\t\t\t\t\t\t<a  class=\"collapsed\"  data-toggle=\"collapse\" data-parent=\"#wpsm_accordion_25125 \" href=\"javascript:void(0)\" data-target=\"#ac_25125_collapse2\" onclick=\"do_resize()\">\r\n\t\t\t\t\t\t\t\t\t\t\t\t\t\t\t\t\t<span class=\"ac_open_cl_icon fa fa-plus\"><\/span>\r\n\t\t\t\t\t\t\t\t\t\r\n\t\t\t\t\t\t\t\t \r\n\t\t\t\t\t\t\t\t<span class=\"ac_title_class\">\r\n\t\t\t\t\t\t\t\t\t\t\t\t\t\t\t\t\t\t\t\t<span style=\"margin-right:6px;\" class=\"fa fa-medkit\"><\/span>\r\n\t\t\t\t\t\t\t\t\tCIENCIAS A LA SALUD\t\t\t\t\t\t\t\t<\/span>\r\n\t\t\t\t\t\t\t<\/a>\r\n\t\t\t\t\t\t  <\/h4>\r\n\t\t\t\t\t\t<\/div>\r\n\t\t\t\t\t\t<div id=\"ac_25125_collapse2\" class=\"wpsm_panel-collapse collapse \"  >\r\n\t\t\t\t\t\t  <div class=\"wpsm_panel-body\">\r\n\t\t\t\t\t\t\t<i class=\"fa-solid fa-circle-check\"><\/i> <strong>Licenciatura en Psicolog\u00eda<\/strong><br>\r\n<i class=\"fa-solid fa-circle-check\"><\/i> <strong>Licenciatura en Enfermer\u00eda<\/strong><br>\r\n<i class=\"fa-solid fa-circle-check\"><\/i> <strong>Licenciatura en Radiolog\u00eda e Imagen<\/strong><br>\r\n<i class=\"fa-solid fa-circle-check\"><\/i> <strong>Maestr\u00eda en Administraci\u00f3n de Hospitales<\/strong><br>\t\t\t\t\t\t  <\/div>\r\n\t\t\t\t\t\t<\/div>\r\n\t\t\t\t\t<\/div>\r\n\t\t\t\t\t<!-- Inner panel End -->\r\n\t\t\t\t\t\r\n\t\t\t\t\t\t\t\t\r\n\t\t\t\t\t<!-- Inner panel Start -->\r\n\t\t\t\t\t<div class=\"wpsm_panel wpsm_panel-default\">\r\n\t\t\t\t\t\t<div class=\"wpsm_panel-heading\" role=\"tab\" >\r\n\t\t\t\t\t\t  <h4 class=\"wpsm_panel-title\">\r\n\t\t\t\t\t\t\t<a  class=\"collapsed\"  data-toggle=\"collapse\" data-parent=\"#wpsm_accordion_25125 \" href=\"javascript:void(0)\" data-target=\"#ac_25125_collapse3\" onclick=\"do_resize()\">\r\n\t\t\t\t\t\t\t\t\t\t\t\t\t\t\t\t\t<span class=\"ac_open_cl_icon fa fa-plus\"><\/span>\r\n\t\t\t\t\t\t\t\t\t\r\n\t\t\t\t\t\t\t\t \r\n\t\t\t\t\t\t\t\t<span class=\"ac_title_class\">\r\n\t\t\t\t\t\t\t\t\t\t\t\t\t\t\t\t\t\t\t\t<span style=\"margin-right:6px;\" class=\"fa fa-legal\"><\/span>\r\n\t\t\t\t\t\t\t\t\tCIENCIAS PENALES\t\t\t\t\t\t\t\t<\/span>\r\n\t\t\t\t\t\t\t<\/a>\r\n\t\t\t\t\t\t  <\/h4>\r\n\t\t\t\t\t\t<\/div>\r\n\t\t\t\t\t\t<div id=\"ac_25125_collapse3\" class=\"wpsm_panel-collapse collapse \"  >\r\n\t\t\t\t\t\t  <div class=\"wpsm_panel-body\">\r\n\t\t\t\t\t\t\t<i class=\"fa-solid fa-circle-check\"><\/i> <strong> Licenciatura en Criminolog\u00eda y Seguridad P\u00fablica<\/strong><br>\r\n<i class=\"fa-solid fa-circle-check\"><\/i> <strong> Licenciatura en Derecho<\/strong><br>\r\n<i class=\"fa-solid fa-circle-check\"><\/i> <strong> Maestr\u00eda en Derecho Civil<\/strong><br>\r\n<i class=\"fa-solid fa-circle-check\"><\/i> <strong> Maestr\u00eda en Ciencias Penales<\/strong><br>\r\n<i class=\"fa-solid fa-circle-check\"><\/i> <strong> Maestr\u00eda en Derecho Procesal Penal Acusatorio<\/strong><br>\r\n<i class=\"fa-solid fa-circle-check\"><\/i> <strong> Doctorado en Derecho<\/strong><br>\t\t\t\t\t\t  <\/div>\r\n\t\t\t\t\t\t<\/div>\r\n\t\t\t\t\t<\/div>\r\n\t\t\t\t\t<!-- Inner panel End -->\r\n\t\t\t\t\t\r\n\t\t\t\t\t\t\t\t\r\n\t\t\t\t\t<!-- Inner panel Start -->\r\n\t\t\t\t\t<div class=\"wpsm_panel wpsm_panel-default\">\r\n\t\t\t\t\t\t<div class=\"wpsm_panel-heading\" role=\"tab\" >\r\n\t\t\t\t\t\t  <h4 class=\"wpsm_panel-title\">\r\n\t\t\t\t\t\t\t<a  class=\"collapsed\"  data-toggle=\"collapse\" data-parent=\"#wpsm_accordion_25125 \" href=\"javascript:void(0)\" data-target=\"#ac_25125_collapse4\" onclick=\"do_resize()\">\r\n\t\t\t\t\t\t\t\t\t\t\t\t\t\t\t\t\t<span class=\"ac_open_cl_icon fa fa-plus\"><\/span>\r\n\t\t\t\t\t\t\t\t\t\r\n\t\t\t\t\t\t\t\t \r\n\t\t\t\t\t\t\t\t<span class=\"ac_title_class\">\r\n\t\t\t\t\t\t\t\t\t\t\t\t\t\t\t\t\t\t\t\t<span style=\"margin-right:6px;\" class=\"fa fa-money\"><\/span>\r\n\t\t\t\t\t\t\t\t\tECONOM\u00cdA Y NEGOCIOS\t\t\t\t\t\t\t\t<\/span>\r\n\t\t\t\t\t\t\t<\/a>\r\n\t\t\t\t\t\t  <\/h4>\r\n\t\t\t\t\t\t<\/div>\r\n\t\t\t\t\t\t<div id=\"ac_25125_collapse4\" class=\"wpsm_panel-collapse collapse \"  >\r\n\t\t\t\t\t\t  <div class=\"wpsm_panel-body\">\r\n\t\t\t\t\t\t\t<i class=\"fa-solid fa-circle-check\"><\/i>  <strong> Licenciatura en Contadur\u00eda P\u00fablica<\/strong><br>\r\n<i class=\"fa-solid fa-circle-check\"><\/i>  <strong> Licenciatura en Administraci\u00f3n de Empresas<\/strong><br>\r\n<i class=\"fa-solid fa-circle-check\"><\/i>  <strong> Licenciatura en Negocios Internacionales y Aduanas<\/strong><br>\r\n<i class=\"fa-solid fa-circle-check\"><\/i>  <strong> Licenciatura en Administraci\u00f3n y Estrategia de Negocios<\/strong><br>\r\n<i class=\"fa-solid fa-circle-check\"><\/i>  <strong> Maestr\u00eda en Administraci\u00f3n de Negocios<\/strong><br>\r\n<i class=\"fa-solid fa-circle-check\"><\/i>  <strong> Maestr\u00eda en Administraci\u00f3n P\u00fablica<\/strong><br>\r\n<i class=\"fa-solid fa-circle-check\"><\/i>  <strong> Maestr\u00eda en Finanzas<\/strong><br>\r\n<i class=\"fa-solid fa-circle-check\"><\/i>  <strong> Maestr\u00eda en Impuestos con Enfoque Estrat\u00e9gico<\/strong><br>\r\n<i class=\"fa-solid fa-circle-check\"><\/i>  <strong> Maestr\u00eda en Comercializaci\u00f3n y Desarrollo de Mercados<\/strong><br>\r\n<i class=\"fa-solid fa-circle-check\"><\/i>  <strong> Doctorado en Alta Direcci\u00f3n<\/strong><br>\r\n<i class=\"fa-solid fa-circle-check\"><\/i>  <strong> Doctorado en Alta Direcci\u00f3n y Administraci\u00f3n Empresarial<\/strong><br>\t\t\t\t\t\t  <\/div>\r\n\t\t\t\t\t\t<\/div>\r\n\t\t\t\t\t<\/div>\r\n\t\t\t\t\t<!-- Inner panel End -->\r\n\t\t\t\t\t\r\n\t\t\t\t\t\t\t\t\r\n\t\t\t\t\t<!-- Inner panel Start -->\r\n\t\t\t\t\t<div class=\"wpsm_panel wpsm_panel-default\">\r\n\t\t\t\t\t\t<div class=\"wpsm_panel-heading\" role=\"tab\" >\r\n\t\t\t\t\t\t  <h4 class=\"wpsm_panel-title\">\r\n\t\t\t\t\t\t\t<a  class=\"collapsed\"  data-toggle=\"collapse\" data-parent=\"#wpsm_accordion_25125 \" href=\"javascript:void(0)\" data-target=\"#ac_25125_collapse5\" onclick=\"do_resize()\">\r\n\t\t\t\t\t\t\t\t\t\t\t\t\t\t\t\t\t<span class=\"ac_open_cl_icon fa fa-plus\"><\/span>\r\n\t\t\t\t\t\t\t\t\t\r\n\t\t\t\t\t\t\t\t \r\n\t\t\t\t\t\t\t\t<span class=\"ac_title_class\">\r\n\t\t\t\t\t\t\t\t\t\t\t\t\t\t\t\t\t\t\t\t<span style=\"margin-right:6px;\" class=\"fa fa-cog\"><\/span>\r\n\t\t\t\t\t\t\t\t\tINGENIER\u00cdA\t\t\t\t\t\t\t\t<\/span>\r\n\t\t\t\t\t\t\t<\/a>\r\n\t\t\t\t\t\t  <\/h4>\r\n\t\t\t\t\t\t<\/div>\r\n\t\t\t\t\t\t<div id=\"ac_25125_collapse5\" class=\"wpsm_panel-collapse collapse \"  >\r\n\t\t\t\t\t\t  <div class=\"wpsm_panel-body\">\r\n\t\t\t\t\t\t\t<i class=\"fa-solid fa-circle-check\"><\/i> <strong> Licenciatura en Dise\u00f1o Gr\u00e1fico<\/strong><br>\r\n<i class=\"fa-solid fa-circle-check\"><\/i> <strong> Licenciatura en Administraci\u00f3n en Computaci\u00f3n<\/strong><br>\r\n<i class=\"fa-solid fa-circle-check\"><\/i> <strong> Licenciatura en Ingenier\u00eda Mec\u00e1nica y Electromec\u00e1nica<\/strong><br>\r\n<i class=\"fa-solid fa-circle-check\"><\/i> <strong> Maestr\u00eda en Direcci\u00f3n de Tecnolog\u00edas de la Informaci\u00f3n<\/strong><br>\t\t\t\t\t\t  <\/div>\r\n\t\t\t\t\t\t<\/div>\r\n\t\t\t\t\t<\/div>\r\n\t\t\t\t\t<!-- Inner panel End -->\r\n\t\t\t\t\t\r\n\t\t\t\t\t\t\t\t\r\n\t\t\t\t\t<!-- Inner panel Start -->\r\n\t\t\t\t\t<div class=\"wpsm_panel wpsm_panel-default\">\r\n\t\t\t\t\t\t<div class=\"wpsm_panel-heading\" role=\"tab\" >\r\n\t\t\t\t\t\t  <h4 class=\"wpsm_panel-title\">\r\n\t\t\t\t\t\t\t<a  class=\"collapsed\"  data-toggle=\"collapse\" data-parent=\"#wpsm_accordion_25125 \" href=\"javascript:void(0)\" data-target=\"#ac_25125_collapse6\" onclick=\"do_resize()\">\r\n\t\t\t\t\t\t\t\t\t\t\t\t\t\t\t\t\t<span class=\"ac_open_cl_icon fa fa-plus\"><\/span>\r\n\t\t\t\t\t\t\t\t\t\r\n\t\t\t\t\t\t\t\t \r\n\t\t\t\t\t\t\t\t<span class=\"ac_title_class\">\r\n\t\t\t\t\t\t\t\t\t\t\t\t\t\t\t\t\t\t\t\t<span style=\"margin-right:6px;\" class=\"fa fa-fax\"><\/span>\r\n\t\t\t\t\t\t\t\t\tSERVICIOS\t\t\t\t\t\t\t\t<\/span>\r\n\t\t\t\t\t\t\t<\/a>\r\n\t\t\t\t\t\t  <\/h4>\r\n\t\t\t\t\t\t<\/div>\r\n\t\t\t\t\t\t<div id=\"ac_25125_collapse6\" class=\"wpsm_panel-collapse collapse \"  >\r\n\t\t\t\t\t\t  <div class=\"wpsm_panel-body\">\r\n\t\t\t\t\t\t\t<i class=\"fa-solid fa-circle-check\"><\/i><strong> Licenciatura Gastronom\u00eda<\/strong><br>\r\n<i class=\"fa-solid fa-circle-check\"><\/i><strong> Licenciatura en Turismo<\/strong><br>\r\n<i class=\"fa-solid fa-circle-check\"><\/i><strong> Maestr\u00eda en Entrenamiento Personal Profesional y Coaching PNL<\/strong><br>\t\t\t\t\t\t  <\/div>\r\n\t\t\t\t\t\t<\/div>\r\n\t\t\t\t\t<\/div>\r\n\t\t\t\t\t<!-- Inner panel End -->\r\n\t\t\t\t\t\r\n\t\t\t\t\t\t\t<\/div>\r\n\t\t\t\r\n<script type=\"text\/javascript\">\r\n\t\r\n\t\tfunction do_resize(){\r\n\r\n\t\t\tvar width=jQuery( '.wpsm_panel .wpsm_panel-body iframe' ).width();\r\n\t\t\tvar height=jQuery( '.wpsm_panel .wpsm_panel-body iframe' ).height();\r\n\r\n\t\t\tvar toggleSize = true;\r\n\t\t\tjQuery('iframe').animate({\r\n\t\t\t    width: toggleSize ? width : 640,\r\n\t\t\t    height: toggleSize ? height : 360\r\n\t\t\t  }, 250);\r\n\r\n\t\t\t  toggleSize = !toggleSize;\r\n\t\t}\r\n\t\t\r\n<\/script>\t\n<h2>\n\t\t Solicita informaci\u00f3n llenando el formulario.\n\t<\/h2>\n\t\t\t<a href=\"https:\/\/docs.google.com\/forms\/d\/e\/1FAIpQLSdA5_Tvpug58vZBtULV_aO_oP5aoaf8S6qhhCI3-Xl79hRdVg\/viewform\" target=\"_blank\" rel=\"noopener\">\n\t\t\t\t\t\tLlenar Formulario\n\t\t\t\t\t<\/a>\n<h2>\n\t\tAl igual puedes visitarnos en la siguiente direcci\u00f3n\n\t<\/h2>\n\t<p><iframe src=\"https:\/\/www.google.com\/maps\/embed?pb=!1m18!1m12!1m3!1d5267.880086572999!2d-89.61965598576755!3d20.994491721195864!2m3!1f0!2f0!3f0!3m2!1i1024!2i768!4f13.1!3m3!1m2!1s0x8f5671eb39d0eedb%3A0x2123aefc76f8c866!2sUHAB%20Pen%C3%ADnsula%20de%20Yucat%C3%A1n%20sede%20Alcal%C3%A1%20Mart%C3%ADn!5e0!3m2!1ses-419!2smx!4v1679960310389!5m2!1ses-419!2smx\" width=\"500\" height=\"350\" allowfullscreen=\"\" loading=\"lazy\" referrerpolicy=\"no-referrer-when-downgrade\"><\/iframe><\/p>\n\n","protected":false},"excerpt":{"rendered":"","protected":false},"author":1,"featured_media":0,"parent":0,"menu_order":0,"comment_status":"closed","ping_status":"open","template":"","meta":{"_eb_attr":"","site-sidebar-layout":"no-sidebar","site-content-layout":"page-builder","ast-site-content-layout":"full-width-container","site-content-style":"unboxed","site-sidebar-style":"unboxed","ast-global-header-display":"","ast-banner-title-visibility":"","ast-main-header-display":"","ast-hfb-above-header-display":"","ast-hfb-below-header-display":"","ast-hfb-mobile-header-display":"","site-post-title":"disabled","ast-breadcrumbs-content":"","ast-featured-img":"disabled","footer-sml-layout":"","theme-transparent-header-meta":"enabled","adv-header-id-meta":"","stick-header-meta":"","header-above-stick-meta":"","header-main-stick-meta":"","header-below-stick-meta":"","astra-migrate-meta-layouts":"set","ast-page-background-enabled":"default","ast-page-background-meta":{"desktop":{"background-color":"","background-image":"","background-repeat":"repeat","background-position":"center center","background-size":"auto","background-attachment":"scroll","background-type":"","background-media":"","overlay-type":"","overlay-color":"","overlay-opacity":"","overlay-gradient":""},"tablet":{"background-color":"","background-image":"","background-repeat":"repeat","background-position":"center center","background-size":"auto","background-attachment":"scroll","background-type":"","background-media":"","overlay-type":"","overlay-color":"","overlay-opacity":"","overlay-gradient":""},"mobile":{"background-color":"","background-image":"","background-repeat":"repeat","background-position":"center center","background-size":"auto","background-attachment":"scroll","background-type":"","background-media":"","overlay-type":"","overlay-color":"","overlay-opacity":"","overlay-gradient":""}},"ast-content-background-meta":{"desktop":{"background-color":"var(--ast-global-color-5)","background-image":"","background-repeat":"repeat","background-position":"center center","background-size":"auto","background-attachment":"scroll","background-type":"","background-media":"","overlay-type":"","overlay-color":"","overlay-opacity":"","overlay-gradient":""},"tablet":{"background-color":"var(--ast-global-color-5)","background-image":"","background-repeat":"repeat","background-position":"center center","background-size":"auto","background-attachment":"scroll","background-type":"","background-media":"","overlay-type":"","overlay-color":"","overlay-opacity":"","overlay-gradient":""},"mobile":{"background-color":"var(--ast-global-color-5)","background-image":"","background-repeat":"repeat","background-position":"center center","background-size":"auto","background-attachment":"scroll","background-type":"","background-media":"","overlay-type":"","overlay-color":"","overlay-opacity":"","overlay-gradient":""}},"footnotes":""},"class_list":["post-634","page","type-page","status-publish","hentry"],"_links":{"self":[{"href":"https:\/\/universidad-cice.org\/index.php\/wp-json\/wp\/v2\/pages\/634","targetHints":{"allow":["GET"]}}],"collection":[{"href":"https:\/\/universidad-cice.org\/index.php\/wp-json\/wp\/v2\/pages"}],"about":[{"href":"https:\/\/universidad-cice.org\/index.php\/wp-json\/wp\/v2\/types\/page"}],"author":[{"embeddable":true,"href":"https:\/\/universidad-cice.org\/index.php\/wp-json\/wp\/v2\/users\/1"}],"replies":[{"embeddable":true,"href":"https:\/\/universidad-cice.org\/index.php\/wp-json\/wp\/v2\/comments?post=634"}],"version-history":[{"count":13,"href":"https:\/\/universidad-cice.org\/index.php\/wp-json\/wp\/v2\/pages\/634\/revisions"}],"predecessor-version":[{"id":42987,"href":"https:\/\/universidad-cice.org\/index.php\/wp-json\/wp\/v2\/pages\/634\/revisions\/42987"}],"wp:attachment":[{"href":"https:\/\/universidad-cice.org\/index.php\/wp-json\/wp\/v2\/media?parent=634"}],"curies":[{"name":"wp","href":"https:\/\/api.w.org\/{rel}","templated":true}]}}